 base 6, what is -324312020 + 1015?
-324311001
In base 2, what is 1000 + 11100101100111000110?
11100101100111001110
In base 6, what is 214112 + -202?
213510
In base 9, what is -1458555 - -11?
-1458544
In base 8, what is 6577 - 2011351?
-2002552
In base 4, what is 133212220020 - -11?
133212220031
In base 5, what is 2010002221 + -11?
2010002210
In base 13, what is 84 - -221810?
221894
In base 13, what is 112a5 + -188?
1111a
In base 5, what is -2422343 + 2401?
-2414442
In base 2, what is -1011 + 100110010111111011?
100110010111110000
In base 8, what is -113 - -102205?
102072
In base 7, what is -1620 + -4544?
-6464
In base 16, what is -1684 - -a72d?
90a9
In base 3, what is -20210 + -11102222120?
-11110020100
In base 8, what is -4604453 - 354?
-4605027
In base 13, what is 23091145 + -4?
23091141
In base 11, what is -3 + 113108a30?
113108a28
In base 11, what is -1 - 4a4a7a3?
-4a4a7a4
In base 10, what is 15776817 - 43?
15776774
In base 12, what is -1 - 29036152?
-29036153
In base 9, what is 35156711 - -1?
35156712
In base 12, what is -1b806500 - -4?
-1b8064b8
In base 15, what is 5237ec - 11?
5237db
In base 9, what is -5 + -12676134?
-12676140
In base 2, what is -111101 + 11001001101110110011?
11001001101101110110
In base 7, what is -33521362 - -205?
-33521154
In base 7, what is -54 - -1645245?
1645161
In base 7, what is 41541 + -22266?
16242
In base 11, what is 10 + 29785096?
297850a6
In base 12, what is -34b14 + -1b?
-34b33
In base 8, what is 1425661543 - 10?
1425661533
In base 9, what is -61 - 7241202?
-7241263
In base 5, what is -4311 + 40134014?
40124203
In base 11, what is 6209 + 2a85?
9193
In base 12, what is 4 + -1b221bb1?
-1b221ba9
In base 14, what is 157c - -5ba?
1b58
In base 4, what is -133212220 - 303203?
-200122023
In base 14, what is -267a9 - d0?
-26899
In base 13, what is 5 + bc78a6c?
bc78a74
In base 5, what is 3 + -2241013303?
-2241013300
In base 5, what is -14304410014 - 2?
-14304410021
In base 7, what is 6105 + -1062561?
-1053453
In base 3, what is -122111 - -12022012221222?
12022012022111
In base 10, what is 227 + -1975383?
-1975156
In base 12, what is 588 + -106575?
-105ba9
In base 6, what is 4455231340 - 4?
4455231332
In base 14, what is -12c39 - 94?
-12ccd
In base 2, what is -101001001000111001001 - -10100?
-101001001000110110101
In base 9, what is -235747 - -523?
-235224
In base 11, what is 1082 - -1004a?
11121
In base 7, what is -1604 - 4163616?
-4165523
In base 16, what is -36 + -322c1?
-322f7
In base 2, what is -11000010010000011 - -1000111?
-11000010000111100
In base 9, what is -27631 - 4848?
-33580
In base 7, what is 602565626 + -22?
602565604
In base 5, what is -143213 + 403120?
204402
In base 5, what is -1043431042 - -422?
-1043430120
In base 4, what is -1 + -13301231130?
-13301231131
In base 7, what is -2 + -532324153?
-532324155
In base 10, what is -16059 - -981?
-15078
In base 7, what is 203 - -2114652?
2115155
In base 3, what is 11200 - 1010002102102?
-1010002020202
In base 2, what is -10111011010010010 + 11?
-10111011010001111
In base 7, what is -2544 - 15335?
-21212
In base 6, what is -444255444 + 1?
-444255443
In base 10, what is -4572966 - -16?
-4572950
In base 16, what is 0 + 655f87?
655f87
In base 14, what is -13 - -1ca068?
1ca055
In base 5, what is -4211324 + -22231?
-4234110
In base 12, what is 359b98 + 3?
359b9b
In base 11, what is -71a06 + 81?
-71935
In base 4, what is 2 - 113232321322?
-113232321320
In base 15, what is -a + -1c8dd?
-1c8e8
In base 6, what is -2105234112 - 1?
-2105234113
In base 9, what is 1 - 5208338?
-5208337
In base 13, what is -1 - a51b76?
-a51b77
In base 2, what is 10000 + 101000010011111001110?
101000010011111011110
In base 15, what is -8 - -34b393?
34b38a
In base 9, what is -3053667 + -3?
-3053671
In base 7, what is -10416 - -413454?
403035
In base 10, what is -2870325 + -12?
-2870337
In base 10, what is 6816 - 2328?
4488
In base 6, what is 210333214 - -21?
210333235
In base 12, what is 47861a60 + -3?
47861a59
In base 14, what is 69089d5 - -2?
69089d7
In base 6, what is -3533010 + 50?
-3532520
In base 11, what is 552404 + 3?
552407
In base 2, what is -1100100 + 111101111100000?
111101101111100
In base 6, what is 25014 + 150143?
215201
In base 9, what is -110 + -145382?
-145502
In base 5, what is 1040111430221 + 4?
1040111430230
In base 8, what is 4 + -5271536?
-5271532
In base 2, what is -11000000011011010111101100 + 100?
-11000000011011010111101000
In base 15, what is -1eaac + 3e?
-1ea6d
In base 8, what is -265741024 - 1?
-265741025
In base 11, what is -52a6 + -70351?
-75647
In base 16, what is -17 + -1fdb1?
-1fdc8
In base 3, what is -10 + 100110100200120021?
100110100200120011
In base 11, what is 942 + -3827?
-2995
In base 15, what is 4114b - -178?
412c4
In base 3, what is -121220 - 2101111101?
-2102010021
In base 12, what is -1b989b + -1b0?
-1b9a8b
In base 8, what is -21164123 - 57?
-21164202
In base 15, what is -5c700 - 3e1?
-5cae1
In base 9, what is -12 - 52642215?
-52642227
In base 11, what is 1216a6653 + 2?
1216a6655
In base 7, what is -3 - 1144560?
-1144563
In base 14, what is -3dd34 + 12?
-3dd22
In base 8, what is -16 - 1115462?
-1115500
In base 4, what is 1202211011310 - -1?
1202211011311
In base 9, what is 7815853 + -21?
7815832
In base 14, what is -2a06116 - 2?
-2a06118
In base 2, what is 1101001011001100010 + 100011?
1101001011010000101
In base 15, what is -1a + -6e678c?
-6e67a7
In base 11, what is 73761 - 366?
733a6
In base 9, what is -72756258 + 1?
-72756257
In base 2, what is -10 - 101011100111010011000011?
-101011100111010011000101
In base 4, what is -21101201001 + 10?
-21101200331
In base 7, what is 12 - 11323146?
-11323134
In base 12, what is 5 - 6136425?
-6136420
In base 14, what is -4c - 94d89?
-94dd7
In base 13, what is 114212 - 130?
1140b2
In base 10, what is 8 - -8082419?
8082427
In base 12, what is 107 + 3a127a8?
3a128b3
In base 9, what is 0 + 185303824?
185303824
In base 8, what is 140661 + -10?
140651
In base 2, what is 11011010111101010100 - 10?
11011010111101010010
In base 15, what is -14047 - -68?
-13ece
In base 15, what is 66149 - -4b?
66195
In base 16, what is 1f5d37 - -14?
1f5d4b
In base 2, what is 11 + 101111000110000000100?
101111000110000000111
In base 15, what is -4ba9a49 + 6?
-4ba9a43
In base 12, what is 548 - -14561?
14aa9
In base 15, what is -3716 + d532?
9d1b
In base 10, what is 459930 + 181?
460111
In base 3, what is -1022 + -2212102001210?
-2212102010002
In base 3, what is -1 + 12120001100020002?
12120001100020001
In base 15, what is 285 - 2622?
-238c
In base 6, what is -13345 - -41003?
23214
In base 2, what is -1001100001101101000100001 - 10?
-1001100001101101000100011
In base 3, what is -10202 + 10100220201?
10100202222
In base 14, what is -4a4a9a + 1?
-4a4a99
In base 10, what is -45181 + -2317?
-47498
In base 14, what is -2476 + bb93?
971b
In base 9, what is -158 + -1550268?
-1550437
In base 8, what is -114073200 + -5?
-114073205
In base 14, what is 13 - -254634?
254647
In base 9, what is -333537 - -2264?
-331263
In base 8, what is -6 - 4516015?
-4516023
In base 5, what is -13200 + -40144010?
-40212210
In base 8, what is 2042773 + 6124?
2051117
In base 2, what is -11100010111110100001111 + 100?
-11100010111110100001011
In base 5, what is 34 - -13230134203?
13230134242
In base 10, what is 29809 - 166?
29643
In base 3, what is 101220 - -210020221?
210122211
In base 12, what is -611b07 - 9?
-611b14
In base 2, what is -11000011100000000 - 1111100111?
-11000101011100111
In base 16, what is a - 70f560?
-70f556
In base 11, what is 61 - -2a447?
2a4a8
In base 12, what is 15 + -32525?
-32510
In base 3, what is 12 + 11110110202212?
11110110210001
In base 16, what is -82c - 767?
-f93
In base 4, what is -11 - -3121000130131?
3121000130120
In base 9, what is -4 + -7670518?
-7670523
In base 6, what is 0 + -11042323321?
-11042323321
In base 9, what is 10364417 - -1?
10364418
In base 4, what is -1 - 3120331202?
-3120331203
In base 2, what is 11 + 110101110001010001110?
110101110001010010001
In base 11, what is 5820324 + 5?
5820329
In base 9, what is 1528401 - 10?
1528381
In base 6, what is -1030002 - 50?
-1030052
In base 16, what is -4f343 - -3?
-4f340
In base 9, what is -11 - 405331?
-405342
In base 10, what is 309 - -104168?
104477
In base 14, what i